387 composite?
True
Is 22121 a composite number?
True
Is 629203 a prime number?
True
Is 11677 composite?
False
Is 8389 a composite number?
False
Is 84977 prime?
True
Is 167159 composite?
False
Is 31469 composite?
False
Is 24659 a prime number?
True
Is 128515 composite?
True
Is 466261 a composite number?
False
Is 2611 composite?
True
Is 438961 prime?
True
Is 69503 composite?
True
Is 502 a prime number?
False
Is 3383 prime?
False
Is 864723 a composite number?
True
Is 24517 a composite number?
False
Is 21797 a prime number?
False
Is 786371 a composite number?
False
Is 103 a prime number?
True
Is 2407 prime?
False
Is 41581 a composite number?
True
Is 25339 a prime number?
True
Is 565615 prime?
False
Is 17159 prime?
True
Is 181151 a prime number?
False
Is 715889 prime?
True
Is 7613 prime?
False
Is 122657 a prime number?
False
Is 9227 composite?
False
Is 38411 prime?
False
Is 9395 a composite number?
True
Is 1408469 a prime number?
False
Is 37243 a prime number?
True
Is 303931 composite?
False
Is 307129 a composite number?
False
Is 2107165 a prime number?
False
Is 104527 a prime number?
True
Is 152527 composite?
True
Is 489449 a composite number?
False
Is 16603 composite?
False
Is 5077 prime?
True
Is 1464185 a composite number?
True
Is 41369 composite?
True
Is 447743 a prime number?
True
Is 483083 composite?
True
Is 159 composite?
True
Is 6953 a composite number?
True
Is 1677083 composite?
False
Is 599773 prime?
False
Is 147367 prime?
False
Is 11717 composite?
False
Is 1541 a prime number?
False
Is 2433111 a composite number?
True
Is 77177 a prime number?
False
Is 4222 a composite number?
True
Is 371333 a composite number?
False
Is 302711 composite?
False
Is 248063 composite?
False
Is 14741 composite?
False
Is 1542389 prime?
False
Is 1683313 a prime number?
True
Is 1693 a prime number?
True
Is 28727 a prime number?
False
Is 122741 a prime number?
True
Is 265631 a composite number?
True
Is 38761 composite?
True
Is 21959 composite?
True
Is 118882 a composite number?
True
Is 52385 prime?
False
Is 33367 a composite number?
True
Is 52339 a composite number?
True
Is 3254773 prime?
True
Is 66229 a prime number?
False
Is 19445 a prime number?
False
Is 27641 a composite number?
True
Is 52031 a composite number?
True
Is 519683 prime?
True
Is 250103 a composite number?
True
Is 81727 a composite number?
False
Is 5309 a prime number?
True
Is 1219 composite?
True
Is 157321 a prime number?
True
Is 50279 a composite number?
True
Is 10937 a prime number?
True
Is 97319 composite?
True
Is 77069 a composite number?
False
Is 22702 composite?
True
Is 112891 prime?
False
Is 4946 prime?
False
Is 1401401 composite?
False
Is 1481 a composite number?
False
Is 94279 a composite number?
True
Is 109859 a prime number?
True
Is 42779 prime?
False
Is 38795 composite?
True
Is 365063 a composite number?
False
Is 166651 a prime number?
False
Is 31469 prime?
True
Is 59591 composite?
True
Is 478589 prime?
True
Is 18455 prime?
False
Is 52237 composite?
False
Is 14963 prime?
False
Is 355883 composite?
True
Is 1973 composite?
False
Is 1418627 composite?
True
Is 4507189 prime?
True
Is 11147 a prime number?
False
Is 41585 a composite number?
True
Is 77329 prime?
False
Is 841 prime?
False
Is 16127 a prime number?
True
Is 320009 a prime number?
True
Is 47933 composite?
False
Is 35059 composite?
False
Is 389297 composite?
False
Is 122777 composite?
False
Is 167419 prime?
False
Is 413477 a prime number?
True
Is 185911 a composite number?
True
Is 19717 composite?
False
Is 456167 a prime number?
True
Is 56371 a composite number?
True
Is 100583 composite?
True
Is 1837 a composite number?
True
Is 109451 composite?
False
Is 20369 composite?
False
Is 39953 a composite number?
False
Is 436381 composite?
True
Is 33377 a prime number?
True
Is 167989 composite?
True
Is 99401 a prime number?
True
Is 563327 a composite number?
False
Is 46555 a composite number?
True
Is 326065 prime?
False
Is 231403 a composite number?
True
Is 16447 composite?
False
Is 516029 composite?
True
Is 927587 a composite number?
False
Is 5489 a composite number?
True
Is 36973 prime?
True
Is 4889 a composite number?
False
Is 24821 a composite number?
False
Is 26077 a prime number?
False
Is 1319 composite?
False
Is 2543 a composite number?
False
Is 13397 a composite number?
False
Is 18041 prime?
True
Is 24281 prime?
True
Is 5171 a prime number?
True
Is 1418435 a composite number?
True
Is 782801 prime?
False
Is 1419011 a prime number?
False
Is 22993 prime?
True
Is 2582 composite?
True
Is 838133 a prime number?
True
Is 160311 prime?
False
Is 228197 a prime number?
True
Is 13513 a composite number?
False
Is 242813 a prime number?
True
Is 24163 composite?
True
Is 3565381 composite?
False
Is 42937 prime?
True
Is 71761 composite?
False
Is 836731 a prime number?
False
Is 5737 composite?
False
Is 83137 a composite number?
False
Is 13997 prime?
True
Is 93047 a composite number?
False
Is 156539 prime?
True
Is 3683 prime?
False
Is 20477 a composite number?
False
Is 451469 composite?
True
Is 320263 a composite number?
True
Is 189811 a composite number?
True
Is 5663 composite?
True
Is 139483 a composite number?
False
Is 172933 a composite number?
False
Is 2999 composite?
False
Is 12913 a prime number?
False
Is 62515 a prime number?
False
Is 285697 prime?
True
Is 82055 composite?
True
Is 401689 prime?
True
Is 3683 composite?
True
Is 85299 prime?
False
Is 136879 a prime number?
True
Is 238843 a composite number?
True
Is 12929 a prime number?
False
Is 534659 a composite number?
False
Is 1642 prime?
False
Is 18013 composite?
False
Is 98179 composite?
False
Is 32419 composite?
True
Is 107339 composite?
False
Is 448667 a composite number?
False
Is 2099 a composite number?
False
Is 8903 prime?
False
Is 1086299 a prime number?
True
Is 77437 composite?
True
Is 127973 composite?
False
Is 205211 a prime number?
True
Is 20789 composite?
False
Is 12611 prime?
True
Is 21169 a composite number?
False
Is 18037 a composite number?
True
Is 460906 a composite number?
True
Is 851 a prime number?
False
Is 292441 prime?
True
Is 1386511 composite?
True
Is 11027 prime?
True
Is 1621309 a composite number?
False
Is 139703 a prime number?
True
Is 778717 a composite number?
False
Is 6467 a composite number?
True
Is 449 composite?
False
Is 1165027 prime?
False
Is 74687 a prime number?
True
Is 4729 a composite number?
False
Is 55579 a composite number?
False
Is 6947 a prime number?
True
Is 103321 a prime number?
False
Is 746546 composite?
True
Is 220945 prime?
False
Is 74819 prime?
False
Is 73939 a composite number?
False
Is 261161 a prime number?
False
Is 85433 prime?
False
Is 52637 composite?
True
Is 12107 prime?
True
Is 1658951 a prime number?
False
Is 90223 a composite number?
True
Is 187743 a prime number?
False
Is 25657 composite?
False
Is 12451 a prime number?
True
Is 143053 a prime number?
True
Is 24491 a prime number?
False
Is 97423 composite?
False
Is 34702 prime?
False
Is 1399 composite?
False
Is 3097781 a composite number?
False
Is 15371 a composite number?
True
Is 785 a composite number?
True
Is 3812069 composite?
True
Is 17273 a composite number?
True
Is 215083 a composite number?
True
Is 3863 composite?
False
Is 703 composite?
True
Is 104003 a prime number?
True
Is 1242427 composite?
True
Is 177257 a prime number?
True
Is 92263 a composite number?
True
Is 10487 prime?
True
Is 3711 a prime number?
False
Is 59497 composite?
False
Is 1477 prime?
False
Is 4201 prime?
True
Is 91909 a composite number?
False
Is 139793 a composite number?
True
Is 153151 composite?
False
Is 65459 a composite number?
True
Is 61211 composite?
False
Is 1476727 a composite number?
True
Is 15727 a prime number?
True
Is 231979 a prime number?
False
Is 241789 a composite number?
True
Is 577667 a composite number?
False
Is 16607 composite?
False
Is 43773 prime?
False
Is 223577 prime?
True
Is 534137 composite?
False
Is 175129 a composite number?
False
Is 95603 a composite number?
False
Is 38039 composite?
False
Is 1068131 a composite number?
False
Is 389 a composite number?
False
Is 300073 a prime number?
True
Is 45767 a prime number?
True
Is 111373 composite?
False
Is 7613 a prime number?
False
Is 766 a prime number?
False
Is 576683 prime?
True
Is 7493 a prime number?
False
Is 491201 compo